0033
In base 13, what is -1a241 - 4?
-1a245
In base 14, what is -3 - -1d8?
1d5
In base 2, what is 100011100 - -100?
100100000
In base 15, what is -82 - b?
-8d
In base 15, what is -105 + -3?
-108
In base 3, what is 220 - 1?
212
In base 7, what is -2 - 12?
-14
In base 9, what is 26 - -15?
42
In base 9, what is -5 - -458?
453
In base 8, what is -4 - -77?
73
In base 14, what is 0 + -43?
-43
In base 2, what is 1011 + 10?
1101
In base 2, what is 1011011001 + 100?
1011011101
In base 2, what is -11 + 10110?
10011
In base 7, what is 4 - 24243?
-24236
In base 13, what is 7 + -49?
-42
In base 16, what is 4 + -7fa?
-7f6
In base 5, what is 21 - -23?
44
In base 3, what is 12 + 201?
220
In base 3, what is 12 + -10222?
-10210
In base 11, what is 11 + 6?
17
In base 13, what is -3 - -42b?
428
In base 11, what is -10 - -242?
232
In base 9, what is 148 - 1?
147
In base 10, what is 16 + -7?
9
In base 8, what is 45 - 134?
-67
In base 6, what is -2035 - -1?
-2034
In base 6, what is 1452 + 4?
1500
In base 15, what is -3 - -282?
27e
In base 2, what is -1011000 + 1111000?
100000
In base 3, what is 1012002 - -10?
1012012
In base 2, what is 11 + -11100101101?
-11100101010
In base 8, what is -4 - -1735?
1731
In base 5, what is -22420 + -2?
-22422
In base 2, what is -1011000011001101 + -101?
-1011000011010010
In base 16, what is 1 - f?
-e
In base 2, what is -1000010 + -10110?
-1011000
In base 14, what is -15 - -91?
7a
In base 7, what is -31224 + -1?
-31225
In base 8, what is -13000 - 3?
-13003
In base 9, what is 0 - 62?
-62
In base 13, what is 14 + 0?
14
In base 5, what is -41 - 1?
-42
In base 13, what is 3 - -22?
25
In base 14, what is -60 - 9?
-69
In base 2, what is -101 - -1000?
11
In base 4, what is 120 - 10232?
-10112
In base 13, what is 0 - 1489?
-1489
In base 14, what is 6d + -41?
2c
In base 12, what is -1 + 148?
147
In base 14, what is -125c + -4?
-1262
In base 7, what is -24 - -23?
-1
In base 4, what is -201 + -33?
-300
In base 12, what is -1 + -1980?
-1981
In base 15, what is -19 + -86?
-a0
In base 10, what is 2 + 31?
33
In base 10, what is -24 - 0?
-24
In base 13, what is -1a8 - -6?
-1a2
In base 13, what is 0 - -a9?
a9
In base 11, what is -1 - -192?
191
In base 8, what is -7762 + 1?
-7761
In base 12, what is -8 - -5a?
52
In base 7, what is 3161 + 1?
3162
In base 13, what is 0 - -150?
150
In base 16, what is 14 + -d0?
-bc
In base 9, what is -1 - -168?
167
In base 10, what is -2 - -1075?
1073
In base 11, what is -5 - -567?
562
In base 9, what is -2 - -6018?
6016
In base 16, what is -22 + -4?
-26
In base 7, what is -13302 - -1?
-13301
In base 16, what is -2c - -4?
-28
In base 13, what is 0 - -5?
5
In base 11, what is -a5 + 22?
-83
In base 9, what is 4 - 42?
-37
In base 3, what is -222 + 11100?
10101
In base 9, what is -18 - -131?
112
In base 3, what is -1002 - 122?
-1201
In base 11, what is -9 + -19?
-27
In base 13, what is 44 - 1?
43
In base 12, what is 1049 + -2?
1047
In base 16, what is f + -28?
-19
In base 16, what is 1 - 46?
-45
In base 4, what is -22033 + -3?
-22102
In base 2, what is 0 - 1100101010?
-1100101010
In base 11, what is 5 + 24?
29
In base 9, what is -7 - -301?
283
In base 14, what is -8 - 11a?
-124
In base 12, what is 8621 - 3?
861a
In base 8, what is 2372 + 1?
2373
In base 2, what is 1 - -101100?
101101
In base 7, what is 1156 + -32?
1124
In base 9, what is 443 + 4?
447
In base 7, what is -16 - 1?
-20
In base 16, what is 9a + 3?
9d
In base 7, what is 340 + -5?
332
In base 9, what is -13877 + 4?
-13873
In base 12, what is -150a - -3?
-1507
In base 16, what is 8 + 5?
d
In base 11, what is -178 - 2?
-17a
In base 9, what is -3 - 1564?
-1567
In base 13, what is -5 + -100?
-105
In base 6, what is 0 - 33?
-33
In base 14, what is -1 - -c?
b
In base 7, what is -11301 - 6?
-11310
In base 7, what is 134 + -51?
53
In base 11, what is 5 - 364?
-35a
In base 9, what is 22401 - 3?
22387
In base 9, what is -2 - 130?
-132
In base 3, what is -12 + 201202?
201120
In base 16, what is -316 + 0?
-316
In base 10, what is 0 + -31?
-31
In base 6, what is 2141 + 23?
2204
In base 14, what is 5 + 17?
1c
In base 3, what is 2 - -11?
20
In base 3, what is -101010 + 12?
-100221
In base 12, what is -5 + -1?
-6
In base 16, what is 13d8 + -3?
13d5
In base 3, what is 12020 + 22?
12112
In base 9, what is -2736 + -1?
-2737
In base 4, what is -112202 + -2?
-112210
In base 10, what is -5 - -121?
116
In base 15, what is -5 - -32?
2c
In base 9, what is 5 - 320?
-314
In base 7, what is 2 + -22622?
-22620
In base 13, what is 26 + 65?
8b
In base 16, what is -2 - -ef?
ed
In base 2, what is -1011 + 111100011?
111011000
In base 5, what is -40 - 4?
-44
In base 9, what is -16 + -111?
-127
In base 7, what is -1 - -2506?
2505
In base 4, what is -210 - 31321?
-32131
In base 6, what is 44 - 53?
-5
In base 2, what is 0 + 10?
10
In base 15, what is 1 - 44?
-43
In base 12, what is 6300 - 1?
62bb
In base 10, what is -9 - 633?
-642
In base 4, what is 12 + 123?
201
In base 4, what is -30033 + 13?
-30020
In base 8, what is -4 + 415?
411
In base 13, what is -2 - -1?
-1
In base 8, what is -4 - -74?
70
In base 3, what is -22120 + -12?
-22202
In base 10, what is 82 + 31?
113
In base 12, what is 10 + 297?
2a7
In base 12, what is -5 - -3b3?
3aa
In base 7, what is 4 - -222?
226
In base 8, what is -254 + 0?
-254
In base 15, what is -5 + 8d6?
8d1
In base 15, what is 30 + -8?
27
In base 12, what is 4 + -766?
-762
In base 10, what is 3 + -12?
-9
In base 4, what is 3 - -23?
32
In base 2, what is 111011 + -11?
111000
In base 11, what is 10 + -173?
-163
In base 5, what is -10 - -1443?
1433
In base 2, what is -11101110011 - -101?
-11101101110
In base 5, what is 212 - 124?
33
In base 3, what is -2221221 - 12?
-2222010
In base 15, what is -2a + -25?
-50
In base 2, what is -1001 - 11011111?
-11101000
In base 10, what is -296 + 22?
-274
In base 13, what is 5 - cb?
-c6
In base 6, what is -110 + 21?
-45
In base 7, what is -32 - -21?
-11
In base 12, what is -131 - -27?
-106
In base 8, what is -67 + -5?
-74
In base 2, what is 1 + -1000101?
-1000100
In base 14, what is 5 - -86a?
871
In base 12, what is -36 - -5?
-31
In base 11, what is 3a83 + -1?
3a82
In base 3, what is -11 - 12?
-100
In base 9, what is -1538 - 4?
-1543
In base 9, what is 3480 + 0?
3480
In base 2, what is 11000000010 - -100?
11000000110
In base 3, what is -1102101 - -11?
-1102020
In base 15, what is -155 - 4?
-159
In base 12, what is -655 - -3?
-652
In base 7, what is -4 + 4504?
4500
In base 12, what is 11a - 3?
117
In base 3, what is -2021 + -2110?
-11201
In base 11, what is -4 + 1150?
1147
In base 16, what is -7 - -13?
c
In base 5, what is -234 + 244?
10
In base 7, what is 16 + 365?
414
In base 8, what is 645 + 0?
645
In base 5, what is 102 + 114?
221
In base 9, what is -3 - -13?
10
In base 3, what is 11111 - -1?
11112
In base 14, what is 113 + -5?
10c
In base 6, what is -20100 + 3?
-20053
In base 11, what is -3039 - -1?
-3038
In base 12, what is 4a0 - 0?
4a0
In base 9, what is 542 - -10?
552
In base 13, what is 4 - 624?
-620
In base 16, what is -1c - -25?
9
In base 4, what is 11 - -1320?
1331
In base 2, what is -1001110001 + -111?
-1001111000
In base 13, what is -18 - -1?
-17
In base 11, what is 72a + -1?
729
In base 16, what is -13 - -1?
-12
In base 4, what is 11 - -323?
1000
In base 6, what is 5 + -10205?
-10200
In base 12, what is 29a - -3?
2a1
In base 2, what is -10101 + 10101?
0
In base 10, what is -11 - 21?
-32
In base 14, what is 5 + 115?
11a
In base 3, what is -12 + 1212?
1200
In base 10, what is 9 - 0?
9
In base 13, what is 114 - -1?
115
In base 16, what is 3 + -b3?
-b0
In base 7, what is -1 + 523?
522
In base 2, what is -1000100001 + -100?
-1000100101
In base 14, what is -3ca - -3?
-3c7
In base 12, what is 465 + 23?
488
In base 12, what is 5 + 762?
767
In base 11, what is 42 + -1?
41
In base 4, what is 1100 + -111?
323
In base 8, what is 16 - -2?
20
In base 12, what is 1 + 10b?
110
In base 11, what is 2 - 61?
-5a
In base 12, what is 27 + a?
35
In base 8, what is -4 + 66?
62
In base 13, what is -1a9 - -6?
-1a3
In base 15, what is 5 - -2c5?
2ca
In base 14, what is 95 + 2?
97
In base 6, what is 11 - -355?
410
In base 16, what is 2 - -4f?
51
In base 5, what is -2 - -1144?
1142
In base 16, what is 1da7 - 5?
1da2
In base 9, what is -4 - -3?
-1
In base 